{"id":1876,"date":"2025-05-31T16:18:48","date_gmt":"2025-05-31T16:18:48","guid":{"rendered":"https:\/\/ajedrez.cve.edu.es\/gossage\/?page_id=1876"},"modified":"2025-05-31T16:19:55","modified_gmt":"2025-05-31T16:19:55","slug":"ix-torneo-de-ajedrez-de-primaria","status":"publish","type":"page","link":"https:\/\/ajedrez.cve.edu.es\/gossage\/ix-torneo-de-ajedrez-de-primaria\/","title":{"rendered":"IX Torneo de Ajedrez de Primaria (2024-25)"},"content":{"rendered":"\n<p><strong>Campe\u00f3n de Primaria: Rafael Rouzaut<\/strong><\/p>\n\n\n\n<p><strong>Subcampe\u00f3n de Primaria: Juli\u00e1n Merino<\/strong><\/p>\n\n\n\n<p><strong>3\u00ba Gonzalo Monar<\/strong><\/p>\n\n\n\n<p><strong>4\u00ba Nicol\u00e1s P\u00e9rez del Peso<\/strong><\/p>\n\n\n\n<p><strong>Torneo ALEV\u00cdN<\/strong><\/p>\n\n\n\n<p>1\u00ba Rafael Rouzaut &#8211;5<\/p>\n\n\n\n<p>2\u00ba Juli\u00e1n Merino &#8211;3<\/p>\n\n\n\n<p>3\u00ba Gonzalo Monar &#8211; Nicol\u00e1s P\u00e9rez del Peso  &#8211;2<\/p>\n\n\n\n<p>4\u00ba Tom\u00e1s Sanchez &#8211;1 1\/2<\/p>\n\n\n\n<p>5\u00ba Daniel P\u00e9rez del Peso 1\/2<\/p>\n\n\n\n<p><strong>Torneo BENJAM\u00cdN<\/strong><\/p>\n\n\n\n<p>1\u00ba Unax Mart\u00ednez &#8211; Adri\u00e1n Escudero  &#8211;4 1\/2<\/p>\n\n\n\n<p>2\u00ba Daniel Dias &#8211; Guillermo O\u00f1oro &#8212; 2 1\/2<\/p>\n\n\n\n<p>3\u00ba Oscar Dias &#8212; 1<\/p>\n\n\n\n<p>4\u00ba Olivia L\u00f3pez<\/p>\n\n\n\n<p><strong>Torneo PRE-BENJAM\u00cdN<\/strong><\/p>\n\n\n\n<p>1\u00ba Mateo Arias &#8211; Alvar Herrero &#8211; Gabriel Linares &#8212; 4 1\/2<\/p>\n\n\n\n<p>2\u00ba Enrique Rodr\u00edguez &#8211;4<\/p>\n\n\n\n<p>3\u00ba Juan Jim\u00e9nez &#8211;3 1\/2<\/p>\n\n\n\n<p>4\u00ba Lucas Mart\u00ednez &#8211; Marcos Maroto &#8211;1\/2<\/p>\n","protected":false},"excerpt":{"rendered":"<p>Campe\u00f3n de Primaria: Rafael Rouzaut Subcampe\u00f3n de Primaria: Juli\u00e1n Merino 3\u00ba Gonzalo Monar 4\u00ba Nicol\u00e1s P\u00e9rez del Peso Torneo ALEV\u00cdN 1\u00ba Rafael Rouzaut &#8211;5 2\u00ba Juli\u00e1n Merino &#8211;3 3\u00ba Gonzalo Monar &#8211; Nicol\u00e1s P\u00e9rez del Peso &#8211;2 4\u00ba Tom\u00e1s Sanchez &hellip; <a href=\"https:\/\/ajedrez.cve.edu.es\/gossage\/ix-torneo-de-ajedrez-de-primaria\/\">Sigue leyendo <span class=\"meta-nav\">&rarr;<\/span><\/a><\/p>\n","protected":false},"author":2,"featured_media":0,"parent":0,"menu_order":0,"comment_status":"closed","ping_status":"closed","template":"","meta":[],"_links":{"self":[{"href":"https:\/\/ajedrez.cve.edu.es\/gossage\/wp-json\/wp\/v2\/pages\/1876"}],"collection":[{"href":"https:\/\/ajedrez.cve.edu.es\/gossage\/wp-json\/wp\/v2\/pages"}],"about":[{"href":"https:\/\/ajedrez.cve.edu.es\/gossage\/wp-json\/wp\/v2\/types\/page"}],"author":[{"embeddable":true,"href":"https:\/\/ajedrez.cve.edu.es\/gossage\/wp-json\/wp\/v2\/users\/2"}],"replies":[{"embeddable":true,"href":"https:\/\/ajedrez.cve.edu.es\/gossage\/wp-json\/wp\/v2\/comments?post=1876"}],"version-history":[{"count":2,"href":"https:\/\/ajedrez.cve.edu.es\/gossage\/wp-json\/wp\/v2\/pages\/1876\/revisions"}],"predecessor-version":[{"id":1878,"href":"https:\/\/ajedrez.cve.edu.es\/gossage\/wp-json\/wp\/v2\/pages\/1876\/revisions\/1878"}],"wp:attachment":[{"href":"https:\/\/ajedrez.cve.edu.es\/gossage\/wp-json\/wp\/v2\/media?parent=1876"}],"curies":[{"name":"wp","href":"https:\/\/api.w.org\/{rel}","templated":true}]}}