{"id":78,"date":"2013-05-02T18:15:21","date_gmt":"2013-05-02T18:15:21","guid":{"rendered":"https:\/\/ajedrez.cve.edu.es\/gossage\/?page_id=78"},"modified":"2018-04-18T12:04:20","modified_gmt":"2018-04-18T12:04:20","slug":"estadisticas","status":"publish","type":"page","link":"https:\/\/ajedrez.cve.edu.es\/gossage\/estadisticas\/","title":{"rendered":"ESTAD\u00cdSTICAS"},"content":{"rendered":"<p><a href=\"https:\/\/ajedrez.cve.edu.es\/gossage\/?attachment_id=165\" rel=\"attachment wp-att-165\"><img loading=\"lazy\" class=\"aligncenter size-full wp-image-165\" title=\"Sin t\u00edtulo\" src=\"https:\/\/ajedrez.cve.edu.es\/gossage\/wp-content\/uploads\/2013\/05\/Sin-t\u00edtulo1.jpg\" alt=\"\" width=\"819\" height=\"473\" srcset=\"https:\/\/ajedrez.cve.edu.es\/gossage\/wp-content\/uploads\/2013\/05\/Sin-t\u00edtulo1.jpg 819w, https:\/\/ajedrez.cve.edu.es\/gossage\/wp-content\/uploads\/2013\/05\/Sin-t\u00edtulo1-300x173.jpg 300w, https:\/\/ajedrez.cve.edu.es\/gossage\/wp-content\/uploads\/2013\/05\/Sin-t\u00edtulo1-500x288.jpg 500w\" sizes=\"(max-width: 819px) 100vw, 819px\" \/><\/a>Esta gr\u00e1fica representa el n\u00famero de alumnos que asisten por d\u00eda. Como puede observarse, el curso pasado (12-13) la asistencia se ha mantenido m\u00e1s o menos constante rompiendo con la tendencia a la baja de final de curso. Por otra parte, este curso (13-14) se mejora ostensiblemente la participaci\u00f3n diaria debido a la continuidad del club al extenderse a todos los d\u00edas de la semana.<\/p>\n<p>&nbsp;<\/p>\n<p>&nbsp;<\/p>\n","protected":false},"excerpt":{"rendered":"<p>Esta gr\u00e1fica representa el n\u00famero de alumnos que asisten por d\u00eda. Como puede observarse, el curso pasado (12-13) la asistencia se ha mantenido m\u00e1s o menos constante rompiendo con la tendencia a la baja de final de curso. Por otra &hellip; <a href=\"https:\/\/ajedrez.cve.edu.es\/gossage\/estadisticas\/\">Sigue leyendo <span class=\"meta-nav\">&rarr;<\/span><\/a><\/p>\n","protected":false},"author":2,"featured_media":0,"parent":0,"menu_order":0,"comment_status":"closed","ping_status":"closed","template":"","meta":[],"_links":{"self":[{"href":"https:\/\/ajedrez.cve.edu.es\/gossage\/wp-json\/wp\/v2\/pages\/78"}],"collection":[{"href":"https:\/\/ajedrez.cve.edu.es\/gossage\/wp-json\/wp\/v2\/pages"}],"about":[{"href":"https:\/\/ajedrez.cve.edu.es\/gossage\/wp-json\/wp\/v2\/types\/page"}],"author":[{"embeddable":true,"href":"https:\/\/ajedrez.cve.edu.es\/gossage\/wp-json\/wp\/v2\/users\/2"}],"replies":[{"embeddable":true,"href":"https:\/\/ajedrez.cve.edu.es\/gossage\/wp-json\/wp\/v2\/comments?post=78"}],"version-history":[{"count":10,"href":"https:\/\/ajedrez.cve.edu.es\/gossage\/wp-json\/wp\/v2\/pages\/78\/revisions"}],"predecessor-version":[{"id":1397,"href":"https:\/\/ajedrez.cve.edu.es\/gossage\/wp-json\/wp\/v2\/pages\/78\/revisions\/1397"}],"wp:attachment":[{"href":"https:\/\/ajedrez.cve.edu.es\/gossage\/wp-json\/wp\/v2\/media?parent=78"}],"curies":[{"name":"wp","href":"https:\/\/api.w.org\/{rel}","templated":true}]}}