{"id":939,"date":"2016-11-05T12:46:02","date_gmt":"2016-11-05T12:46:02","guid":{"rendered":"https:\/\/ajedrez.cve.edu.es\/gossage\/?page_id=939"},"modified":"2025-05-31T16:25:48","modified_gmt":"2025-05-31T16:25:48","slug":"iv-torneo-de-ajedrez","status":"publish","type":"page","link":"https:\/\/ajedrez.cve.edu.es\/gossage\/ix-torneo-de-ajedrez-de-primaria\/iv-torneo-de-ajedrez\/","title":{"rendered":"Torneo de Primaria curso 16-17"},"content":{"rendered":"<p>CAMPEONA DE PRIMARIA: <strong>HELENA de la FUENTE<\/strong> (6\u00baB)<\/p>\n<p>SUBCAMPE\u00d3N DE PRIMARIA: <strong>JUAN N\u00da\u00d1EZ<\/strong> (5\u00baA)<\/p>\n<p>nivel pre-benjam\u00edn (1\u00ba y 2\u00ba EP):<\/p>\n<p>Campe\u00f3n: <strong>PABLO CABALLERO<\/strong> (2\u00baA)<\/p>\n<p>Subcampe\u00f3n\/a: pendiente de desempatar<\/p>\n<p>nivel benjam\u00edn (3\u00ba y 4\u00ba):<\/p>\n<p>Campe\u00f3n: <strong>PABLO L\u00d3PEZ CIVERA<\/strong> (3\u00baA)<\/p>\n<p>Subcampe\u00f3n: <strong>RODRIGO HERN\u00c1NDEZ<\/strong> (4\u00baC)<\/p>\n<p>nivel alev\u00edn (5\u00ba y 6\u00ba):<\/p>\n<p>Campeona: <strong>ELI ZHOU<\/strong> (6\u00baD)<\/p>\n<p>Subcampe\u00f3n: <strong>GUILLE COLLAR<\/strong> (5\u00baA)<\/p>\n<p>&nbsp;<\/p>\n<p><strong>CLASIFICACI\u00d3N DEL TORNEO GENERAL DE PRIMARIA para los 10 CLASIFICADOS (despu\u00e9s de la CUARTA&nbsp;RONDA)<\/strong><\/p>\n<table width=\"254\">\n<tbody>\n<tr>\n<td width=\"188\">Helena de la Fuente<\/td>\n<td width=\"25\">6B<\/td>\n<td width=\"41\">4<\/td>\n<\/tr>\n<tr>\n<td>Ju\u00e1n N\u00fa\u00f1ez<\/td>\n<td>5A<\/td>\n<td>3<\/td>\n<\/tr>\n<tr>\n<td>Pablo Caballero<\/td>\n<td>2A<\/td>\n<td>3<\/td>\n<\/tr>\n<tr>\n<td>Pablo L\u00f3pez Civera<\/td>\n<td>3A<\/td>\n<td>2<\/td>\n<\/tr>\n<tr>\n<td>Rodrigo Hern\u00e1ndez<\/td>\n<td>4C<\/td>\n<td>2<\/td>\n<\/tr>\n<tr>\n<td>Eli Zhou<\/td>\n<td>6D<\/td>\n<td>2<\/td>\n<\/tr>\n<tr>\n<td>\u00cd\u00f1igo Elustondo<\/td>\n<td>&nbsp;3B<\/td>\n<td>1,5<\/td>\n<\/tr>\n<tr>\n<td>Fernando Casta\u00f1\u00f3n<\/td>\n<td>&nbsp;2A<\/td>\n<td>1<\/td>\n<\/tr>\n<tr>\n<td>Jimena Mart\u00ednez Sastre<\/td>\n<td>&nbsp;2C<\/td>\n<td>1<\/td>\n<\/tr>\n<tr>\n<td>Borja Mart\u00ednez<\/td>\n<td>1C<\/td>\n<td>0,5<\/td>\n<\/tr>\n<\/tbody>\n<\/table>\n<p>&nbsp;<\/p>\n<p><strong>Rondas del TORNEO GENERAL de TODA PRIMARIA<\/strong><\/p>\n<table width=\"494\">\n<tbody>\n<tr>\n<td width=\"175\">CUARTA RONDA<\/td>\n<td width=\"24\"><\/td>\n<td width=\"42\"><\/td>\n<td width=\"42\"><\/td>\n<td width=\"187\"><\/td>\n<td width=\"24\"><\/td>\n<\/tr>\n<tr>\n<td><\/td>\n<td><\/td>\n<td><\/td>\n<td><\/td>\n<td><\/td>\n<td><\/td>\n<\/tr>\n<tr>\n<td>Helena de la Fuente<\/td>\n<td>6B<\/td>\n<td>1<\/td>\n<td>&nbsp;0<\/td>\n<td>Pablo L\u00f3pez Civera<\/td>\n<td>3A<\/td>\n<\/tr>\n<tr>\n<td>Rodrigo Hern\u00e1ndez<\/td>\n<td>4C<\/td>\n<td>&nbsp;0<\/td>\n<td>&nbsp;1<\/td>\n<td>Ju\u00e1n N\u00fa\u00f1ez<\/td>\n<td>5A<\/td>\n<\/tr>\n<tr>\n<td>Pablo Caballero<\/td>\n<td>2A<\/td>\n<td>&nbsp;1<\/td>\n<td>&nbsp;0<\/td>\n<td>Fernando Casta\u00f1\u00f3n<\/td>\n<td>2A<\/td>\n<\/tr>\n<tr>\n<td>Jimena Mart\u00ednez Sastre<\/td>\n<td>2C<\/td>\n<td>&nbsp;0<\/td>\n<td>&nbsp;1<\/td>\n<td>Eli Zhou<\/td>\n<td>6D<\/td>\n<\/tr>\n<tr>\n<td>Borja Mart\u00ednez<\/td>\n<td>1C<\/td>\n<td>&nbsp;0<\/td>\n<td>&nbsp;1<\/td>\n<td>\u00cd\u00f1igo Elustondo<\/td>\n<td>3B<\/td>\n<\/tr>\n<\/tbody>\n<\/table>\n<table width=\"494\">\n<tbody>\n<tr>\n<td width=\"175\">TERCERA RONDA<\/td>\n<td width=\"24\"><\/td>\n<td width=\"42\"><\/td>\n<td width=\"42\"><\/td>\n<td width=\"187\"><\/td>\n<td width=\"24\"><\/td>\n<\/tr>\n<tr>\n<td><\/td>\n<td><\/td>\n<td><\/td>\n<td><\/td>\n<td><\/td>\n<td><\/td>\n<\/tr>\n<tr>\n<td>Ju\u00e1n N\u00fa\u00f1ez<\/td>\n<td>5A<\/td>\n<td>0<\/td>\n<td>1<\/td>\n<td>Helena de la Fuente<\/td>\n<td>6B<\/td>\n<\/tr>\n<tr>\n<td>Rodrigo Hern\u00e1ndez<\/td>\n<td>4C<\/td>\n<td>1<\/td>\n<td>0<\/td>\n<td>Eli Zhou<\/td>\n<td>6D<\/td>\n<\/tr>\n<tr>\n<td>Pablo Caballero<\/td>\n<td>2A<\/td>\n<td>1<\/td>\n<td>0<\/td>\n<td>Jimena Mart\u00ednez Sastre<\/td>\n<td>2C<\/td>\n<\/tr>\n<tr>\n<td>\u00cd\u00f1igo Elustondo<\/td>\n<td>3B<\/td>\n<td>0<\/td>\n<td>1<\/td>\n<td>Pablo L\u00f3pez Civera<\/td>\n<td>3A<\/td>\n<\/tr>\n<tr>\n<td>Fernando Casta\u00f1\u00f3n<\/td>\n<td>2A<\/td>\n<td>1<\/td>\n<td>0<\/td>\n<td>Borja Mart\u00ednez<\/td>\n<td>1C<\/td>\n<\/tr>\n<\/tbody>\n<\/table>\n<table width=\"494\">\n<tbody>\n<tr>\n<td width=\"175\">SEGUNDA RONDA<\/td>\n<td width=\"24\"><\/td>\n<td width=\"42\"><\/td>\n<td width=\"42\"><\/td>\n<td width=\"187\"><\/td>\n<td width=\"24\"><\/td>\n<\/tr>\n<tr>\n<td><\/td>\n<td><\/td>\n<td><\/td>\n<td><\/td>\n<td><\/td>\n<td><\/td>\n<\/tr>\n<tr>\n<td>Pablo L\u00f3pez Civera<\/td>\n<td>3A<\/td>\n<td>0<\/td>\n<td>1<\/td>\n<td>Ju\u00e1n N\u00fa\u00f1ez<\/td>\n<td>5A<\/td>\n<\/tr>\n<tr>\n<td>Helena de la Fuente<\/td>\n<td>6B<\/td>\n<td>1<\/td>\n<td>0<\/td>\n<td>Pablo Caballero<\/td>\n<td>2A<\/td>\n<\/tr>\n<tr>\n<td>Borja Mart\u00ednez<\/td>\n<td>1C<\/td>\n<td>0,5<\/td>\n<td>0,5<\/td>\n<td>Rodrigo Hern\u00e1ndez<\/td>\n<td>4C<\/td>\n<\/tr>\n<tr>\n<td>Jimena Mart\u00ednez Sastre<\/td>\n<td>2C<\/td>\n<td>0,5<\/td>\n<td>0,5<\/td>\n<td>\u00cd\u00f1igo Elustondo<\/td>\n<td>3B<\/td>\n<\/tr>\n<tr>\n<td>Eli Zhou<\/td>\n<td>6D<\/td>\n<td>1<\/td>\n<td>0<\/td>\n<td>Fernando Casta\u00f1\u00f3n<\/td>\n<td>2A<\/td>\n<\/tr>\n<\/tbody>\n<\/table>\n<table width=\"494\">\n<tbody>\n<tr>\n<td width=\"175\">PRIMERA RONDA<\/td>\n<td width=\"24\"><\/td>\n<td width=\"42\"><\/td>\n<td width=\"42\"><\/td>\n<td width=\"187\"><\/td>\n<td width=\"24\"><\/td>\n<\/tr>\n<tr>\n<td><\/td>\n<td><\/td>\n<td><\/td>\n<td><\/td>\n<td><\/td>\n<td><\/td>\n<\/tr>\n<tr>\n<td>Helena de la Fuente<\/td>\n<td>6B<\/td>\n<td>1<\/td>\n<td>0<\/td>\n<td>\u00cd\u00f1igo Elustondo<\/td>\n<td>3B<\/td>\n<\/tr>\n<tr>\n<td>Pablo Caballero<\/td>\n<td>2A<\/td>\n<td>1<\/td>\n<td>0<\/td>\n<td>Eli Zhou<\/td>\n<td>6D<\/td>\n<\/tr>\n<tr>\n<td>Ju\u00e1n N\u00fa\u00f1ez<\/td>\n<td>5A<\/td>\n<td>1<\/td>\n<td>0<\/td>\n<td>Borja Mart\u00ednez<\/td>\n<td>1C<\/td>\n<\/tr>\n<tr>\n<td>Fernando Casta\u00f1\u00f3n<\/td>\n<td>2A<\/td>\n<td>0<\/td>\n<td>1<\/td>\n<td>Pablo L\u00f3pez Civera<\/td>\n<td>3A<\/td>\n<\/tr>\n<tr>\n<td>Rodrigo Hern\u00e1ndez<\/td>\n<td>4C<\/td>\n<td>0,5<\/td>\n<td>0,5<\/td>\n<td>Jimena Mart\u00ednez Sastre<\/td>\n<td>2C<\/td>\n<\/tr>\n<\/tbody>\n<\/table>\n<p><b>Clasificaci\u00f3n FINAL del TORNEO en Primaria:<\/b><\/p>\n<p>Nivel ALEV\u00cdN (5\u00ba y 6\u00ba EP):<\/p>\n<table width=\"303\">\n<tbody>\n<tr>\n<td width=\"239\">HELENA de la FUENTE &nbsp;(CLASIFICADA)<\/td>\n<td width=\"33\">6B<\/td>\n<td width=\"31\">7<\/td>\n<\/tr>\n<tr>\n<td width=\"239\">JUAN N\u00da\u00d1EZ MONDELO &nbsp;(CLASIFICADO)<\/td>\n<td width=\"33\">5A<\/td>\n<td width=\"31\">6<\/td>\n<\/tr>\n<tr>\n<td width=\"239\">ELI ZHOU WEI &nbsp;(CLASIFICADO)<\/td>\n<td width=\"33\">6D<\/td>\n<td width=\"31\">6<\/td>\n<\/tr>\n<tr>\n<td width=\"239\">GUILLERMO COLLAR MORA<\/td>\n<td width=\"33\">5A<\/td>\n<td width=\"31\">5,5<\/td>\n<\/tr>\n<tr>\n<td width=\"239\">RICARDO ALONSO RODR\u00cdGUEZ<\/td>\n<td width=\"33\">5A<\/td>\n<td width=\"31\">5<\/td>\n<\/tr>\n<tr>\n<td width=\"239\">MIGUEL NAVARRETE RIVAS<\/td>\n<td width=\"33\">6B<\/td>\n<td width=\"31\">5<\/td>\n<\/tr>\n<tr>\n<td width=\"239\">IZAN PAREJA<\/td>\n<td width=\"33\">6C<\/td>\n<td width=\"31\">5<\/td>\n<\/tr>\n<tr>\n<td width=\"239\">ALEX ZHOU WEI<\/td>\n<td width=\"33\">6A<\/td>\n<td width=\"31\">4,5<\/td>\n<\/tr>\n<tr>\n<td width=\"239\">DANIEL MINGUITO ALAMINOS<\/td>\n<td width=\"33\">6B<\/td>\n<td width=\"31\">4<\/td>\n<\/tr>\n<tr>\n<td width=\"239\">GUILLERMO DE CARLOS<\/td>\n<td width=\"33\">6B<\/td>\n<td width=\"31\">4<\/td>\n<\/tr>\n<tr>\n<td width=\"239\">RAIAN APARICI PRADO<\/td>\n<td width=\"33\">5C<\/td>\n<td width=\"31\">3,5<\/td>\n<\/tr>\n<tr>\n<td width=\"239\">\u00c1LVARO FERN\u00c1NDEZ P\u00c9REZ<\/td>\n<td width=\"33\">5D<\/td>\n<td width=\"31\">3,5<\/td>\n<\/tr>\n<tr>\n<td width=\"239\">RAUL P\u00c9REZ SANZ<\/td>\n<td width=\"33\">6B<\/td>\n<td width=\"31\">3,5<\/td>\n<\/tr>\n<tr>\n<td width=\"239\">MILAGROS ANTA ROMERO<\/td>\n<td width=\"33\">6C<\/td>\n<td width=\"31\">3,5<\/td>\n<\/tr>\n<tr>\n<td width=\"239\">MARCOS GONZ\u00c1LEZ CANO<\/td>\n<td width=\"33\">5C<\/td>\n<td width=\"31\">3<\/td>\n<\/tr>\n<tr>\n<td width=\"239\">ASIER BRAVO GIR\u00d3N<\/td>\n<td width=\"33\">5A<\/td>\n<td width=\"31\">2,5<\/td>\n<\/tr>\n<tr>\n<td width=\"239\">FRANCISCO PALOMINO SALGADO<\/td>\n<td width=\"33\">5A<\/td>\n<td width=\"31\">2,5<\/td>\n<\/tr>\n<tr>\n<td width=\"239\">ALEJANDRO TOVAR<\/td>\n<td width=\"33\">5C<\/td>\n<td width=\"31\">1,5<\/td>\n<\/tr>\n<tr>\n<td width=\"239\">FERNANDO de EL\u00cdAS MART\u00cdNEZ<\/td>\n<td width=\"33\">5C<\/td>\n<td width=\"31\">1<\/td>\n<\/tr>\n<tr>\n<td width=\"239\">GASPAR UCELAY<\/td>\n<td width=\"33\">5A<\/td>\n<td width=\"31\">1<\/td>\n<\/tr>\n<tr>\n<td width=\"239\">LUC\u00cdA FERN\u00c1NDEZ VILLAR<\/td>\n<td width=\"33\">6D<\/td>\n<td width=\"31\">0,5<\/td>\n<\/tr>\n<tr>\n<td width=\"239\">ALVARO GARC\u00cdA VERDEJA<\/td>\n<td width=\"33\">6B<\/td>\n<td width=\"31\">0,5<\/td>\n<\/tr>\n<tr>\n<td width=\"239\">MARCO OSA CORRES<\/td>\n<td width=\"33\">5A<\/td>\n<td width=\"31\">0,5<\/td>\n<\/tr>\n<\/tbody>\n<\/table>\n<p><strong>NIVEL BENJAM\u00cdN (3\u00ba y 4\u00ba EP):<\/strong><\/p>\n<table width=\"303\">\n<tbody>\n<tr>\n<td width=\"239\">PABLO L\u00d3PEZ CIVERA &nbsp;(CLASIFICADO)<\/td>\n<td width=\"33\">3A<\/td>\n<td width=\"31\">6,5<\/td>\n<\/tr>\n<tr>\n<td width=\"239\">\u00cd\u00d1IGO ELUSTONDO &nbsp;(CLASIFICADO)<\/td>\n<td width=\"33\">3B<\/td>\n<td width=\"31\">5,5<\/td>\n<\/tr>\n<tr>\n<td width=\"239\">RODRIGO HERN\u00c1NDEZ UNTURBE &nbsp;(CLASIFICADO)<\/td>\n<td width=\"33\">4C<\/td>\n<td width=\"31\">5,5<\/td>\n<\/tr>\n<tr>\n<td width=\"239\">JOAQU\u00cdN MART\u00cdNEZ PINILLOS<\/td>\n<td width=\"33\">4C<\/td>\n<td width=\"31\">5<\/td>\n<\/tr>\n<tr>\n<td width=\"239\">HEBER PAREJA FERN\u00c1NDEZ<\/td>\n<td width=\"33\">3A<\/td>\n<td width=\"31\">4,5<\/td>\n<\/tr>\n<tr>\n<td width=\"239\">\u00c1LVARO HERN\u00c1NDEZ UNTURBE<\/td>\n<td width=\"33\">4B<\/td>\n<td width=\"31\">4,5<\/td>\n<\/tr>\n<tr>\n<td width=\"239\">\u00cd\u00d1IGO SEGURA<\/td>\n<td width=\"33\">4B<\/td>\n<td width=\"31\">4,5<\/td>\n<\/tr>\n<tr>\n<td width=\"239\">DIEGO K\u00d3KKINOS<\/td>\n<td width=\"33\">4C<\/td>\n<td width=\"31\">4,5<\/td>\n<\/tr>\n<tr>\n<td width=\"239\">CARLOS DONADO CUADRILLERO<\/td>\n<td width=\"33\">3B<\/td>\n<td width=\"31\">4<\/td>\n<\/tr>\n<tr>\n<td width=\"239\">YAGO ABAD GARC\u00cdA<\/td>\n<td width=\"33\">4C<\/td>\n<td width=\"31\">3,5<\/td>\n<\/tr>\n<tr>\n<td width=\"239\">ADRI\u00c1N LABARGA<\/td>\n<td width=\"33\">4C<\/td>\n<td width=\"31\">3<\/td>\n<\/tr>\n<tr>\n<td width=\"239\">\u00c1LVARO ALONSO P\u00c9REZ<\/td>\n<td width=\"33\">4B<\/td>\n<td width=\"31\">2,5<\/td>\n<\/tr>\n<tr>\n<td width=\"239\">SUSANA ALHAMBRA ENTERO<\/td>\n<td width=\"33\">4C<\/td>\n<td width=\"31\">2,5<\/td>\n<\/tr>\n<tr>\n<td width=\"239\">\u00c1LVARO ESQUIVEL P\u00c9REZ<\/td>\n<td width=\"33\">3A<\/td>\n<td width=\"31\">2<\/td>\n<\/tr>\n<tr>\n<td width=\"239\">CLAUDIA ZAMORANO VADILLO<\/td>\n<td width=\"33\">3A<\/td>\n<td width=\"31\">1<\/td>\n<\/tr>\n<tr>\n<td width=\"239\">ANTONIO BAONZA MORENO<\/td>\n<td width=\"33\">4A<\/td>\n<td width=\"31\">0,5<\/td>\n<\/tr>\n<\/tbody>\n<\/table>\n<p>&nbsp;<\/p>\n<table width=\"303\">\n<tbody>\n<tr>\n<td width=\"239\"><strong>NIVEL PRE-BENJAM\u00cdN (1\u00ba y 2\u00ba EP):<\/strong><\/td>\n<\/tr>\n<\/tbody>\n<\/table>\n<table width=\"303\">\n<tbody>\n<tr>\n<td width=\"239\">PABLO CABALLERO L\u00d3PEZ &nbsp;(CLASIFICADO)<\/td>\n<td width=\"33\">2A<\/td>\n<td width=\"31\">8<\/td>\n<\/tr>\n<tr>\n<td width=\"239\">BORJA MART\u00cdNEZ &nbsp;(CLASIFICADO)<\/td>\n<td width=\"33\">1C<\/td>\n<td width=\"31\">5<\/td>\n<\/tr>\n<tr>\n<td width=\"239\">FERNANDO CASTA\u00d1\u00d3N BLANCO &nbsp;(CLASIFICADO)<\/td>\n<td width=\"33\">2A<\/td>\n<td width=\"31\">5<\/td>\n<\/tr>\n<tr>\n<td width=\"239\">JIMENA MART\u00cdNEZ SASTRE &nbsp;(CLASIFICADA)<\/td>\n<td width=\"33\">2C<\/td>\n<td width=\"31\">5<\/td>\n<\/tr>\n<tr>\n<td width=\"239\">KAREN PAREJA FERN\u00c1NDEZ<\/td>\n<td width=\"33\">1A<\/td>\n<td width=\"31\">4<\/td>\n<\/tr>\n<tr>\n<td width=\"239\">SOF\u00cdA BERZAL LAPUENTE<\/td>\n<td width=\"33\">2C<\/td>\n<td width=\"31\">4<\/td>\n<\/tr>\n<tr>\n<td width=\"239\">MIGUEL BUESA GUINEA<\/td>\n<td width=\"33\">2C<\/td>\n<td width=\"31\">3,5<\/td>\n<\/tr>\n<tr>\n<td width=\"239\">GALIA OSA CORRES<\/td>\n<td width=\"33\">2C<\/td>\n<td width=\"31\">3,5<\/td>\n<\/tr>\n<tr>\n<td width=\"239\">DANIELA ZAMORANO VADILLO<\/td>\n<td width=\"33\">1A<\/td>\n<td width=\"31\">3<\/td>\n<\/tr>\n<tr>\n<td width=\"239\">DANI ESTIVAL<\/td>\n<td width=\"33\">1A<\/td>\n<td width=\"31\">3<\/td>\n<\/tr>\n<tr>\n<td width=\"239\">BLANCA RUIZ<\/td>\n<td width=\"33\">2A<\/td>\n<td width=\"31\">3<\/td>\n<\/tr>\n<tr>\n<td width=\"239\">IB\u00d3N ABAD<\/td>\n<td width=\"33\">1A<\/td>\n<td width=\"31\">2,5<\/td>\n<\/tr>\n<tr>\n<td width=\"239\">MARINA ALONSO RODR\u00cdGUEZ<\/td>\n<td width=\"33\">2A<\/td>\n<td width=\"31\">2,5<\/td>\n<\/tr>\n<tr>\n<td width=\"239\">HUGO \u00c1LVAREZ HERMOSILLA<\/td>\n<td width=\"33\">1C<\/td>\n<td width=\"31\">2<\/td>\n<\/tr>\n<tr>\n<td width=\"239\">CLAUDIA PALOMINO SALGADO<\/td>\n<td width=\"33\">2B<\/td>\n<td width=\"31\">2<\/td>\n<\/tr>\n<tr>\n<td width=\"239\">ICIAR MART\u00cdN CABALLERO<\/td>\n<td width=\"33\">2C<\/td>\n<td width=\"31\">1,5<\/td>\n<\/tr>\n<tr>\n<td width=\"239\">IRIS ALONSO P\u00c9REZ<\/td>\n<td width=\"33\">1A<\/td>\n<td width=\"31\">1<\/td>\n<\/tr>\n<tr>\n<td width=\"239\">PAULA RASILLO DELGADO<\/td>\n<td width=\"33\">1C<\/td>\n<td width=\"31\">1<\/td>\n<\/tr>\n<tr>\n<td width=\"239\">IRENE SAPENA CAMPO<\/td>\n<td width=\"33\">1C<\/td>\n<td width=\"31\">1<\/td>\n<\/tr>\n<tr>\n<td width=\"239\">JAIME MEJ\u00cdA \u00c1VILA<\/td>\n<td width=\"33\">2C<\/td>\n<td width=\"31\">1<\/td>\n<\/tr>\n<\/tbody>\n<\/table>\n","protected":false},"excerpt":{"rendered":"<p>CAMPEONA DE PRIMARIA: HELENA de la FUENTE (6\u00baB) SUBCAMPE\u00d3N DE PRIMARIA: JUAN N\u00da\u00d1EZ (5\u00baA) nivel pre-benjam\u00edn (1\u00ba y 2\u00ba EP): Campe\u00f3n: PABLO CABALLERO (2\u00baA) Subcampe\u00f3n\/a: pendiente de desempatar nivel benjam\u00edn (3\u00ba y 4\u00ba): Campe\u00f3n: PABLO L\u00d3PEZ CIVERA (3\u00baA) Subcampe\u00f3n: RODRIGO &hellip; <a href=\"https:\/\/ajedrez.cve.edu.es\/gossage\/ix-torneo-de-ajedrez-de-primaria\/iv-torneo-de-ajedrez\/\">Sigue leyendo <span class=\"meta-nav\">&rarr;<\/span><\/a><\/p>\n","protected":false},"author":2,"featured_media":0,"parent":1876,"menu_order":4,"comment_status":"closed","ping_status":"closed","template":"","meta":[],"_links":{"self":[{"href":"https:\/\/ajedrez.cve.edu.es\/gossage\/wp-json\/wp\/v2\/pages\/939"}],"collection":[{"href":"https:\/\/ajedrez.cve.edu.es\/gossage\/wp-json\/wp\/v2\/pages"}],"about":[{"href":"https:\/\/ajedrez.cve.edu.es\/gossage\/wp-json\/wp\/v2\/types\/page"}],"author":[{"embeddable":true,"href":"https:\/\/ajedrez.cve.edu.es\/gossage\/wp-json\/wp\/v2\/users\/2"}],"replies":[{"embeddable":true,"href":"https:\/\/ajedrez.cve.edu.es\/gossage\/wp-json\/wp\/v2\/comments?post=939"}],"version-history":[{"count":40,"href":"https:\/\/ajedrez.cve.edu.es\/gossage\/wp-json\/wp\/v2\/pages\/939\/revisions"}],"predecessor-version":[{"id":1882,"href":"https:\/\/ajedrez.cve.edu.es\/gossage\/wp-json\/wp\/v2\/pages\/939\/revisions\/1882"}],"up":[{"embeddable":true,"href":"https:\/\/ajedrez.cve.edu.es\/gossage\/wp-json\/wp\/v2\/pages\/1876"}],"wp:attachment":[{"href":"https:\/\/ajedrez.cve.edu.es\/gossage\/wp-json\/wp\/v2\/media?parent=939"}],"curies":[{"name":"wp","href":"https:\/\/api.w.org\/{rel}","templated":true}]}}